{"id":5414,"date":"2020-03-02T17:53:54","date_gmt":"2020-03-02T17:53:54","guid":{"rendered":"https:\/\/francesca-vaccari-tango.com\/?page_id=5414"},"modified":"2020-03-06T17:50:40","modified_gmt":"2020-03-06T17:50:40","slug":"keep-in-touch","status":"publish","type":"page","link":"https:\/\/francesca-vaccari-tango.com\/fr\/keep-in-touch\/","title":{"rendered":"inscription a la primera clase Externo"},"content":{"rendered":"\n<style type=\"text\/css\" data-created_by=\"avia_inline_auto\" id=\"style-css-av-9nz61-c3cd4e03bfd0bcd81189ed9f2b060216\">\n.avia-section.av-9nz61-c3cd4e03bfd0bcd81189ed9f2b060216{\nbackground-color:#f7f7f7;\n}\n<\/style>\n<div id='av_section_1'  class='avia-section av-9nz61-c3cd4e03bfd0bcd81189ed9f2b060216 main_color avia-section-default avia-no-border-styling  avia-builder-el-0  avia-builder-el-no-sibling  avia-bg-style-scroll container_wrap fullsize'  ><div class='container av-section-cont-open' ><main  role=\"main\" itemprop=\"mainContentOfPage\"  class='template-page content  av-content-full alpha units'><div class='post-entry post-entry-type-page post-entry-5414'><div class='entry-content-wrapper clearfix'>\n\n<style type=\"text\/css\" data-created_by=\"avia_inline_auto\" id=\"style-css-av-k7arqyks-7ca4e5e090fe308d718ed34e795929ba\">\n#top .av-special-heading.av-k7arqyks-7ca4e5e090fe308d718ed34e795929ba{\npadding-bottom:10px;\n}\nbody .av-special-heading.av-k7arqyks-7ca4e5e090fe308d718ed34e795929ba .av-special-heading-tag .heading-char{\nfont-size:25px;\n}\n.av-special-heading.av-k7arqyks-7ca4e5e090fe308d718ed34e795929ba .av-subheading{\nfont-size:15px;\n}\n<\/style>\n<div  class='av-special-heading av-k7arqyks-7ca4e5e090fe308d718ed34e795929ba av-special-heading-h2 blockquote modern-quote modern-centered  avia-builder-el-1  el_before_av_one_fifth  avia-builder-el-first  av-linked-heading'><h2 class='av-special-heading-tag'  itemprop=\"headline\"  >On se maintient en contact? <\/h2><div class='av-subheading av-subheading_below'><p>Ne perdez pas les activit\u00e9s r\u00e9guli\u00e8res et sp\u00e9ciales de El Puntazo Estudio de Tango!<br \/>\nRemplissez le formulaire ci-dessous pour nous maintenir en contacte!<\/p>\n<\/div><div class=\"special-heading-border\"><div class=\"special-heading-inner-border\"><\/div><\/div><\/div>\n\n<style type=\"text\/css\" data-created_by=\"avia_inline_auto\" id=\"style-css-av-55aumh-7ef188b1ae00f494902c3a8ff54b8d37\">\n.flex_column.av-55aumh-7ef188b1ae00f494902c3a8ff54b8d37{\nborder-radius:0px 0px 0px 0px;\n-webkit-border-radius:0px 0px 0px 0px;\n-moz-border-radius:0px 0px 0px 0px;\n}\n<\/style>\n<div class='flex_column av-55aumh-7ef188b1ae00f494902c3a8ff54b8d37 av_one_fifth  avia-builder-el-2  el_after_av_heading  el_before_av_three_fifth  first flex_column_div av-zero-column-padding '   ><\/div>\n<style type=\"text\/css\" data-created_by=\"avia_inline_auto\" id=\"style-css-av-4v6hc9-fdd92c8355151c8000303d861450898b\">\n.flex_column.av-4v6hc9-fdd92c8355151c8000303d861450898b{\nborder-width:1px;\nborder-color:#c6c6c6;\nborder-style:solid;\nborder-radius:25px 25px 25px 25px;\n-webkit-border-radius:25px 25px 25px 25px;\n-moz-border-radius:25px 25px 25px 25px;\npadding:20px 20px 20px 20px;\nbackground-color:#ffffff;\n}\n<\/style>\n<div class='flex_column av-4v6hc9-fdd92c8355151c8000303d861450898b av_three_fifth  avia-builder-el-3  el_after_av_one_fifth  el_before_av_one_fifth  flex_column_div '   ><section  class='av_textblock_section av-k5pnwafu-818a17b274effff26a51178302ba78d7'  itemscope=\"itemscope\" itemtype=\"https:\/\/schema.org\/CreativeWork\" ><div class='avia_textblock'  itemprop=\"text\" ><p class=\"wpcf7-contact-form-not-found\"><strong>Erreur\u00a0:<\/strong> Formulaire de contact non trouv\u00e9\u00a0!<\/p>\n<div id=\"gtx-trans\" style=\"position: absolute; left: -88px; top: -2.40625px;\">\n<div class=\"gtx-trans-icon\"><\/div>\n<\/div>\n<\/div><\/section><\/div>\n<style type=\"text\/css\" data-created_by=\"avia_inline_auto\" id=\"style-css-av-1z2mi1-22fd497f654f4406c7726efb7d06c78b\">\n.flex_column.av-1z2mi1-22fd497f654f4406c7726efb7d06c78b{\nborder-radius:0px 0px 0px 0px;\n-webkit-border-radius:0px 0px 0px 0px;\n-moz-border-radius:0px 0px 0px 0px;\n}\n<\/style>\n<div class='flex_column av-1z2mi1-22fd497f654f4406c7726efb7d06c78b av_one_fifth  avia-builder-el-5  el_after_av_three_fifth  avia-builder-el-last  flex_column_div av-zero-column-padding '   ><\/div>\n","protected":false},"excerpt":{"rendered":"","protected":false},"author":1,"featured_media":0,"parent":0,"menu_order":0,"comment_status":"closed","ping_status":"closed","template":"","meta":{"footnotes":""},"yoast_head":"<!-- This site is optimized with the Yoast SEO plugin v22.5 - https:\/\/yoast.com\/wordpress\/plugins\/seo\/ -->\n<title>inscription a la primera clase Externo - Francesca Vaccari - Tango Argentino<\/title>\n<meta name=\"robots\" content=\"index, follow, max-snippet:-1, max-image-preview:large, max-video-preview:-1\" \/>\n<link rel=\"canonical\" href=\"https:\/\/francesca-vaccari-tango.com\/fr\/keep-in-touch\/\" \/>\n<meta property=\"og:locale\" content=\"fr_FR\" \/>\n<meta property=\"og:type\" content=\"article\" \/>\n<meta property=\"og:title\" content=\"inscription a la primera clase Externo - Francesca Vaccari - Tango Argentino\" \/>\n<meta property=\"og:url\" content=\"https:\/\/francesca-vaccari-tango.com\/fr\/keep-in-touch\/\" \/>\n<meta property=\"og:site_name\" content=\"Francesca Vaccari - Tango Argentino\" \/>\n<meta property=\"article:publisher\" content=\"https:\/\/www.facebook.com\/ElPuntazoEstudioDeTango\" \/>\n<meta property=\"article:modified_time\" content=\"2020-03-06T17:50:40+00:00\" \/>\n<meta property=\"og:image\" content=\"https:\/\/francesca-vaccari-tango.com\/wp-content\/uploads\/2021\/03\/IMG_5959-2-1030x773.jpg\" \/>\n\t<meta property=\"og:image:width\" content=\"1030\" \/>\n\t<meta property=\"og:image:height\" content=\"773\" \/>\n\t<meta property=\"og:image:type\" content=\"image\/jpeg\" \/>\n<meta name=\"twitter:card\" content=\"summary_large_image\" \/>\n<meta name=\"twitter:label1\" content=\"Dur\u00e9e de lecture estim\u00e9e\" \/>\n\t<meta name=\"twitter:data1\" content=\"3 minutes\" \/>\n<script type=\"application\/ld+json\" class=\"yoast-schema-graph\">{\"@context\":\"https:\/\/schema.org\",\"@graph\":[{\"@type\":\"WebPage\",\"@id\":\"https:\/\/francesca-vaccari-tango.com\/fr\/keep-in-touch\/\",\"url\":\"https:\/\/francesca-vaccari-tango.com\/fr\/keep-in-touch\/\",\"name\":\"inscription a la primera clase Externo - Francesca Vaccari - Tango Argentino\",\"isPartOf\":{\"@id\":\"https:\/\/francesca-vaccari-tango.com\/#website\"},\"datePublished\":\"2020-03-02T17:53:54+00:00\",\"dateModified\":\"2020-03-06T17:50:40+00:00\",\"breadcrumb\":{\"@id\":\"https:\/\/francesca-vaccari-tango.com\/fr\/keep-in-touch\/#breadcrumb\"},\"inLanguage\":\"fr-FR\",\"potentialAction\":[{\"@type\":\"ReadAction\",\"target\":[\"https:\/\/francesca-vaccari-tango.com\/fr\/keep-in-touch\/\"]}]},{\"@type\":\"BreadcrumbList\",\"@id\":\"https:\/\/francesca-vaccari-tango.com\/fr\/keep-in-touch\/#breadcrumb\",\"itemListElement\":[{\"@type\":\"ListItem\",\"position\":1,\"name\":\"Portada\",\"item\":\"https:\/\/francesca-vaccari-tango.com\/fr\/\"},{\"@type\":\"ListItem\",\"position\":2,\"name\":\"inscription a la primera clase Externo\"}]},{\"@type\":\"WebSite\",\"@id\":\"https:\/\/francesca-vaccari-tango.com\/#website\",\"url\":\"https:\/\/francesca-vaccari-tango.com\/\",\"name\":\"Francesca Vaccari - Bailarina de tango - Tango Barcelona\",\"description\":\"Bailarina profesional de Tango Argentino\",\"publisher\":{\"@id\":\"https:\/\/francesca-vaccari-tango.com\/#organization\"},\"alternateName\":\"FRANCESCA VACCARI - TANGO EN BARCELONA\",\"potentialAction\":[{\"@type\":\"SearchAction\",\"target\":{\"@type\":\"EntryPoint\",\"urlTemplate\":\"https:\/\/francesca-vaccari-tango.com\/?s={search_term_string}\"},\"query-input\":\"required name=search_term_string\"}],\"inLanguage\":\"fr-FR\"},{\"@type\":\"Organization\",\"@id\":\"https:\/\/francesca-vaccari-tango.com\/#organization\",\"name\":\"Bailarina de Tango en Barcelona - Clases de Tango\",\"alternateName\":\"Francesca Vaccari - Clases de Tango en Barcelona\",\"url\":\"https:\/\/francesca-vaccari-tango.com\/\",\"logo\":{\"@type\":\"ImageObject\",\"inLanguage\":\"fr-FR\",\"@id\":\"https:\/\/francesca-vaccari-tango.com\/#\/schema\/logo\/image\/\",\"url\":\"https:\/\/francesca-vaccari-tango.com\/wp-content\/uploads\/2023\/07\/Logos_Francesca_Puntazo_200dpi.png\",\"contentUrl\":\"https:\/\/francesca-vaccari-tango.com\/wp-content\/uploads\/2023\/07\/Logos_Francesca_Puntazo_200dpi.png\",\"width\":627,\"height\":159,\"caption\":\"Bailarina de Tango en Barcelona - Clases de Tango\"},\"image\":{\"@id\":\"https:\/\/francesca-vaccari-tango.com\/#\/schema\/logo\/image\/\"},\"sameAs\":[\"https:\/\/www.facebook.com\/ElPuntazoEstudioDeTango\",\"https:\/\/www.instagram.com\/francescavaccari_elpuntazo\",\"https:\/\/www.youtube.com\/channel\/UC_BAIr_0I1VYRtwDBJiuWPA\"]}]}<\/script>\n<!-- \/ Yoast SEO plugin. -->","yoast_head_json":{"title":"inscription a la primera clase Externo - Francesca Vaccari - Tango Argentino","robots":{"index":"index","follow":"follow","max-snippet":"max-snippet:-1","max-image-preview":"max-image-preview:large","max-video-preview":"max-video-preview:-1"},"canonical":"https:\/\/francesca-vaccari-tango.com\/fr\/keep-in-touch\/","og_locale":"fr_FR","og_type":"article","og_title":"inscription a la primera clase Externo - Francesca Vaccari - Tango Argentino","og_url":"https:\/\/francesca-vaccari-tango.com\/fr\/keep-in-touch\/","og_site_name":"Francesca Vaccari - Tango Argentino","article_publisher":"https:\/\/www.facebook.com\/ElPuntazoEstudioDeTango","article_modified_time":"2020-03-06T17:50:40+00:00","og_image":[{"width":1030,"height":773,"url":"https:\/\/francesca-vaccari-tango.com\/wp-content\/uploads\/2021\/03\/IMG_5959-2-1030x773.jpg","type":"image\/jpeg"}],"twitter_card":"summary_large_image","twitter_misc":{"Dur\u00e9e de lecture estim\u00e9e":"3 minutes"},"schema":{"@context":"https:\/\/schema.org","@graph":[{"@type":"WebPage","@id":"https:\/\/francesca-vaccari-tango.com\/fr\/keep-in-touch\/","url":"https:\/\/francesca-vaccari-tango.com\/fr\/keep-in-touch\/","name":"inscription a la primera clase Externo - Francesca Vaccari - Tango Argentino","isPartOf":{"@id":"https:\/\/francesca-vaccari-tango.com\/#website"},"datePublished":"2020-03-02T17:53:54+00:00","dateModified":"2020-03-06T17:50:40+00:00","breadcrumb":{"@id":"https:\/\/francesca-vaccari-tango.com\/fr\/keep-in-touch\/#breadcrumb"},"inLanguage":"fr-FR","potentialAction":[{"@type":"ReadAction","target":["https:\/\/francesca-vaccari-tango.com\/fr\/keep-in-touch\/"]}]},{"@type":"BreadcrumbList","@id":"https:\/\/francesca-vaccari-tango.com\/fr\/keep-in-touch\/#breadcrumb","itemListElement":[{"@type":"ListItem","position":1,"name":"Portada","item":"https:\/\/francesca-vaccari-tango.com\/fr\/"},{"@type":"ListItem","position":2,"name":"inscription a la primera clase Externo"}]},{"@type":"WebSite","@id":"https:\/\/francesca-vaccari-tango.com\/#website","url":"https:\/\/francesca-vaccari-tango.com\/","name":"Francesca Vaccari - Bailarina de tango - Tango Barcelona","description":"Bailarina profesional de Tango Argentino","publisher":{"@id":"https:\/\/francesca-vaccari-tango.com\/#organization"},"alternateName":"FRANCESCA VACCARI - TANGO EN BARCELONA","potentialAction":[{"@type":"SearchAction","target":{"@type":"EntryPoint","urlTemplate":"https:\/\/francesca-vaccari-tango.com\/?s={search_term_string}"},"query-input":"required name=search_term_string"}],"inLanguage":"fr-FR"},{"@type":"Organization","@id":"https:\/\/francesca-vaccari-tango.com\/#organization","name":"Bailarina de Tango en Barcelona - Clases de Tango","alternateName":"Francesca Vaccari - Clases de Tango en Barcelona","url":"https:\/\/francesca-vaccari-tango.com\/","logo":{"@type":"ImageObject","inLanguage":"fr-FR","@id":"https:\/\/francesca-vaccari-tango.com\/#\/schema\/logo\/image\/","url":"https:\/\/francesca-vaccari-tango.com\/wp-content\/uploads\/2023\/07\/Logos_Francesca_Puntazo_200dpi.png","contentUrl":"https:\/\/francesca-vaccari-tango.com\/wp-content\/uploads\/2023\/07\/Logos_Francesca_Puntazo_200dpi.png","width":627,"height":159,"caption":"Bailarina de Tango en Barcelona - Clases de Tango"},"image":{"@id":"https:\/\/francesca-vaccari-tango.com\/#\/schema\/logo\/image\/"},"sameAs":["https:\/\/www.facebook.com\/ElPuntazoEstudioDeTango","https:\/\/www.instagram.com\/francescavaccari_elpuntazo","https:\/\/www.youtube.com\/channel\/UC_BAIr_0I1VYRtwDBJiuWPA"]}]}},"_links":{"self":[{"href":"https:\/\/francesca-vaccari-tango.com\/fr\/wp-json\/wp\/v2\/pages\/5414"}],"collection":[{"href":"https:\/\/francesca-vaccari-tango.com\/fr\/wp-json\/wp\/v2\/pages"}],"about":[{"href":"https:\/\/francesca-vaccari-tango.com\/fr\/wp-json\/wp\/v2\/types\/page"}],"author":[{"embeddable":true,"href":"https:\/\/francesca-vaccari-tango.com\/fr\/wp-json\/wp\/v2\/users\/1"}],"replies":[{"embeddable":true,"href":"https:\/\/francesca-vaccari-tango.com\/fr\/wp-json\/wp\/v2\/comments?post=5414"}],"version-history":[{"count":5,"href":"https:\/\/francesca-vaccari-tango.com\/fr\/wp-json\/wp\/v2\/pages\/5414\/revisions"}],"predecessor-version":[{"id":5440,"href":"https:\/\/francesca-vaccari-tango.com\/fr\/wp-json\/wp\/v2\/pages\/5414\/revisions\/5440"}],"wp:attachment":[{"href":"https:\/\/francesca-vaccari-tango.com\/fr\/wp-json\/wp\/v2\/media?parent=5414"}],"curies":[{"name":"wp","href":"https:\/\/api.w.org\/{rel}","templated":true}]}}

<style type="text/css" data-created_by="avia_inline_auto" id="style-css-av-9nz61-c3cd4e03bfd0bcd81189ed9f2b060216">
.avia-section.av-9nz61-c3cd4e03bfd0bcd81189ed9f2b060216{
background-color:#f7f7f7;
}
</style>
<div id='av_section_1'  class='avia-section av-9nz61-c3cd4e03bfd0bcd81189ed9f2b060216 main_color avia-section-default avia-no-border-styling  avia-builder-el-0  avia-builder-el-no-sibling  avia-bg-style-scroll container_wrap fullsize'  ><div class='container av-section-cont-open' ><main  role="main" itemprop="mainContentOfPage"  class='template-page content  av-content-full alpha units'><div class='post-entry post-entry-type-page post-entry-5414'><div class='entry-content-wrapper clearfix'>

<style type="text/css" data-created_by="avia_inline_auto" id="style-css-av-k7arqyks-7ca4e5e090fe308d718ed34e795929ba">
#top .av-special-heading.av-k7arqyks-7ca4e5e090fe308d718ed34e795929ba{
padding-bottom:10px;
}
body .av-special-heading.av-k7arqyks-7ca4e5e090fe308d718ed34e795929ba .av-special-heading-tag .heading-char{
font-size:25px;
}
.av-special-heading.av-k7arqyks-7ca4e5e090fe308d718ed34e795929ba .av-subheading{
font-size:15px;
}
</style>
<div  class='av-special-heading av-k7arqyks-7ca4e5e090fe308d718ed34e795929ba av-special-heading-h2 blockquote modern-quote modern-centered  avia-builder-el-1  el_before_av_one_fifth  avia-builder-el-first  av-linked-heading'><h2 class='av-special-heading-tag'  itemprop="headline"  >On se maintient en contact? </h2><div class='av-subheading av-subheading_below'><p>Ne perdez pas les activités régulières et spéciales de El Puntazo Estudio de Tango!<br />
Remplissez le formulaire ci-dessous pour nous maintenir en contacte!</p>
</div><div class="special-heading-border"><div class="special-heading-inner-border"></div></div></div>

<style type="text/css" data-created_by="avia_inline_auto" id="style-css-av-55aumh-7ef188b1ae00f494902c3a8ff54b8d37">
.flex_column.av-55aumh-7ef188b1ae00f494902c3a8ff54b8d37{
border-radius:0px 0px 0px 0px;
-webkit-border-radius:0px 0px 0px 0px;
-moz-border-radius:0px 0px 0px 0px;
}
</style>
<div class='flex_column av-55aumh-7ef188b1ae00f494902c3a8ff54b8d37 av_one_fifth  avia-builder-el-2  el_after_av_heading  el_before_av_three_fifth  first flex_column_div av-zero-column-padding '   ></div>
<style type="text/css" data-created_by="avia_inline_auto" id="style-css-av-4v6hc9-fdd92c8355151c8000303d861450898b">
.flex_column.av-4v6hc9-fdd92c8355151c8000303d861450898b{
border-width:1px;
border-color:#c6c6c6;
border-style:solid;
border-radius:25px 25px 25px 25px;
-webkit-border-radius:25px 25px 25px 25px;
-moz-border-radius:25px 25px 25px 25px;
padding:20px 20px 20px 20px;
background-color:#ffffff;
}
</style>
<div class='flex_column av-4v6hc9-fdd92c8355151c8000303d861450898b av_three_fifth  avia-builder-el-3  el_after_av_one_fifth  el_before_av_one_fifth  flex_column_div '   ><section  class='av_textblock_section av-k5pnwafu-818a17b274effff26a51178302ba78d7'  itemscope="itemscope" itemtype="https://schema.org/CreativeWork" ><div class='avia_textblock'  itemprop="text" ><p class="wpcf7-contact-form-not-found"><strong>Erreur :</strong> Formulaire de contact non trouvé !</p>
<div id="gtx-trans" style="position: absolute; left: -88px; top: -2.40625px;">
<div class="gtx-trans-icon"></div>
</div>
</div></section></div>
<style type="text/css" data-created_by="avia_inline_auto" id="style-css-av-1z2mi1-22fd497f654f4406c7726efb7d06c78b">
.flex_column.av-1z2mi1-22fd497f654f4406c7726efb7d06c78b{
border-radius:0px 0px 0px 0px;
-webkit-border-radius:0px 0px 0px 0px;
-moz-border-radius:0px 0px 0px 0px;
}
</style>
<div class='flex_column av-1z2mi1-22fd497f654f4406c7726efb7d06c78b av_one_fifth  avia-builder-el-5  el_after_av_three_fifth  avia-builder-el-last  flex_column_div av-zero-column-padding '   ></div>

<!-- This site is optimized with the Yoast SEO plugin v22.5 - https://yoast.com/wordpress/plugins/seo/ -->
<title>inscription a la primera clase Externo - Francesca Vaccari - Tango Argentino</title>
<meta name="robots" content="index, follow, max-snippet:-1, max-image-preview:large, max-video-preview:-1" />
<link rel="canonical" href="https://francesca-vaccari-tango.com/fr/keep-in-touch/" />
<meta property="og:locale" content="fr_FR" />
<meta property="og:type" content="article" />
<meta property="og:title" content="inscription a la primera clase Externo - Francesca Vaccari - Tango Argentino" />
<meta property="og:url" content="https://francesca-vaccari-tango.com/fr/keep-in-touch/" />
<meta property="og:site_name" content="Francesca Vaccari - Tango Argentino" />
<meta property="article:publisher" content="https://www.facebook.com/ElPuntazoEstudioDeTango" />
<meta property="article:modified_time" content="2020-03-06T17:50:40+00:00" />
<meta property="og:image" content="https://francesca-vaccari-tango.com/wp-content/uploads/2021/03/IMG_5959-2-1030x773.jpg" />
	<meta property="og:image:width" content="1030" />
	<meta property="og:image:height" content="773" />
	<meta property="og:image:type" content="image/jpeg" />
<meta name="twitter:card" content="summary_large_image" />
<meta name="twitter:label1" content="Durée de lecture estimée" />
	<meta name="twitter:data1" content="3 minutes" />
<script type="application/ld+json" class="yoast-schema-graph">{"@context":"https://schema.org","@graph":[{"@type":"WebPage","@id":"https://francesca-vaccari-tango.com/fr/keep-in-touch/","url":"https://francesca-vaccari-tango.com/fr/keep-in-touch/","name":"inscription a la primera clase Externo - Francesca Vaccari - Tango Argentino","isPartOf":{"@id":"https://francesca-vaccari-tango.com/#website"},"datePublished":"2020-03-02T17:53:54+00:00","dateModified":"2020-03-06T17:50:40+00:00","breadcrumb":{"@id":"https://francesca-vaccari-tango.com/fr/keep-in-touch/#breadcrumb"},"inLanguage":"fr-FR","potentialAction":[{"@type":"ReadAction","target":["https://francesca-vaccari-tango.com/fr/keep-in-touch/"]}]},{"@type":"BreadcrumbList","@id":"https://francesca-vaccari-tango.com/fr/keep-in-touch/#breadcrumb","itemListElement":[{"@type":"ListItem","position":1,"name":"Portada","item":"https://francesca-vaccari-tango.com/fr/"},{"@type":"ListItem","position":2,"name":"inscription a la primera clase Externo"}]},{"@type":"WebSite","@id":"https://francesca-vaccari-tango.com/#website","url":"https://francesca-vaccari-tango.com/","name":"Francesca Vaccari - Bailarina de tango - Tango Barcelona","description":"Bailarina profesional de Tango Argentino","publisher":{"@id":"https://francesca-vaccari-tango.com/#organization"},"alternateName":"FRANCESCA VACCARI - TANGO EN BARCELONA","potentialAction":[{"@type":"SearchAction","target":{"@type":"EntryPoint","urlTemplate":"https://francesca-vaccari-tango.com/?s={search_term_string}"},"query-input":"required name=search_term_string"}],"inLanguage":"fr-FR"},{"@type":"Organization","@id":"https://francesca-vaccari-tango.com/#organization","name":"Bailarina de Tango en Barcelona - Clases de Tango","alternateName":"Francesca Vaccari - Clases de Tango en Barcelona","url":"https://francesca-vaccari-tango.com/","logo":{"@type":"ImageObject","inLanguage":"fr-FR","@id":"https://francesca-vaccari-tango.com/#/schema/logo/image/","url":"https://francesca-vaccari-tango.com/wp-content/uploads/2023/07/Logos_Francesca_Puntazo_200dpi.png","contentUrl":"https://francesca-vaccari-tango.com/wp-content/uploads/2023/07/Logos_Francesca_Puntazo_200dpi.png","width":627,"height":159,"caption":"Bailarina de Tango en Barcelona - Clases de Tango"},"image":{"@id":"https://francesca-vaccari-tango.com/#/schema/logo/image/"},"sameAs":["https://www.facebook.com/ElPuntazoEstudioDeTango","https://www.instagram.com/francescavaccari_elpuntazo","https://www.youtube.com/channel/UC_BAIr_0I1VYRtwDBJiuWPA"]}]}</script>
<!-- / Yoast SEO plugin. -->
